at is the greatest common factor of 66 and 488598?
66
Calculate the greatest common divisor of 13 and 983658.
13
Calculate the highest common divisor of 4460 and 632428.
892
What is the highest common factor of 3 and 1498089?
3
What is the highest common factor of 181035 and 972?
243
What is the greatest common divisor of 1339 and 5974?
103
Calculate the greatest common divisor of 553 and 39421.
79
Calculate the greatest common factor of 8 and 514304.
8
What is the greatest common factor of 180 and 207180?
180
What is the greatest common divisor of 35968 and 12928?
128
Calculate the highest common factor of 256 and 118048.
32
Calculate the highest common divisor of 79 and 82.
1
What is the greatest common factor of 3852 and 20116?
428
Calculate the highest common factor of 1498 and 141668.
214
Calculate the greatest common divisor of 526 and 575970.
526
What is the highest common divisor of 33996 and 588?
12
Calculate the greatest common divisor of 7449 and 117.
39
What is the highest common factor of 199698 and 664?
166
Calculate the greatest common factor of 117 and 9841.
13
Calculate the greatest common divisor of 289270 and 10.
10
What is the greatest common divisor of 1960 and 6321?
49
What is the greatest common factor of 25676 and 364?
28
Calculate the greatest common factor of 488 and 306403.
61
Calculate the greatest common divisor of 6324080 and 4830.
1610
Calculate the greatest common divisor of 709277 and 47.
47
What is the highest common factor of 6248 and 7526?
142
Calculate the greatest common divisor of 74216 and 56.
8
What is the highest common divisor of 25704 and 218008?
952
What is the greatest common divisor of 66248 and 11172?
196
Calculate the highest common divisor of 1333 and 7595.
31
Calculate the highest common divisor of 4 and 129013.
1
What is the greatest common divisor of 16740 and 4820?
20
Calculate the greatest common factor of 10338 and 36.
6
Calculate the highest common divisor of 80 and 92912.
16
What is the greatest common divisor of 171 and 84987?
171
What is the highest common factor of 6735 and 2850?
15
What is the greatest common divisor of 6860 and 840?
140
What is the highest common divisor of 18915 and 1040?
65
Calculate the highest common factor of 1244 and 44.
4
What is the greatest common factor of 2198 and 728?
14
Calculate the greatest common factor of 8051 and 43262.
97
Calculate the greatest common divisor of 3860 and 265761.
193
What is the greatest common divisor of 359490 and 8970?
690
Calculate the highest common factor of 46 and 1552.
2
What is the highest common divisor of 44 and 17314?
22
Calculate the highest common factor of 49776 and 85644.
732
Calculate the greatest common divisor of 48 and 197880.
24
What is the highest common divisor of 2112 and 4917?
33
What is the highest common factor of 5800 and 7000?
200
Calculate the greatest common divisor of 10164 and 11424.
84
Calculate the greatest common divisor of 44051 and 126077.
1519
Calculate the greatest common divisor of 147240 and 3420.
180
Calculate the highest common factor of 55 and 175285.
55
What is the highest common divisor of 117600 and 7448?
392
Calculate the greatest common divisor of 231 and 1859.
11
Calculate the greatest common factor of 22880 and 1804.
44
Calculate the highest common divisor of 39084 and 8.
4
What is the greatest common factor of 249 and 26560?
83
What is the greatest common divisor of 1977 and 96?
3
What is the greatest common divisor of 4209 and 2928?
183
What is the greatest common factor of 5 and 755?
5
Calculate the highest common divisor of 10503 and 10233.
27
Calculate the highest common factor of 1520 and 10300.
20
Calculate the greatest common divisor of 198 and 5924094.
66
What is the greatest common factor of 120101 and 83?
83
What is the greatest common divisor of 15535 and 1625?
65
What is the highest common factor of 2118 and 408?
6
What is the greatest common factor of 18240 and 300?
60
What is the highest common divisor of 6117 and 87?
3
What is the highest common divisor of 88563 and 265?
53
What is the highest common factor of 57936 and 35216?
1136
What is the greatest common factor of 266 and 79762?
38
What is the highest common divisor of 537974 and 62?
62
What is the highest common factor of 229 and 132133?
229
What is the greatest common divisor of 2480 and 30752?
496
Calculate the greatest common divisor of 576 and 5064.
24
What is the greatest common divisor of 2700 and 2100?
300
What is the greatest common factor of 469976 and 39?
13
Calculate the greatest common factor of 162 and 4197.
3
Calculate the greatest common factor of 2460 and 11400.
60
What is the highest common factor of 165798 and 216?
18
What is the highest common factor of 526277 and 516?
43
What is the greatest common divisor of 31 and 6839778?
31
Calculate the greatest common factor of 32 and 120880.
16
Calculate the highest common divisor of 151363 and 161.
23
What is the greatest common factor of 506258 and 538?
538
Calculate the greatest common factor of 140 and 140378.
14
What is the greatest common factor of 51114 and 462?
42
Calculate the highest common factor of 105 and 609.
21
What is the highest common divisor of 110 and 541772?
22
What is the highest common factor of 298217 and 134?
67
Calculate the greatest common divisor of 54230 and 77605.
935
Calculate the greatest common divisor of 380 and 645620.
380
What is the greatest common divisor of 3872 and 10560?
352
Calculate the highest common divisor of 8170 and 1672.
38
What is the highest common factor of 9 and 313?
1
What is the greatest common factor of 4008 and 126586?
334
Calculate the highest common factor of 6037 and 1.
1
Calculate the highest common factor of 1 and 191161.
1
What is the greatest common factor of 1386 and 207?
9
What is the highest common factor of 22 and 1228546?
22
Calculate the highest common divisor of 13575900 and 260.
260
Calculate the greatest common divisor of 78504 and 24.
24
What is the greatest common factor of 687 and 6502913?
229
Calculate the greatest common factor of 74498 and 772.
386
Calculate the greatest common factor of 14568 and 4008.
24
Calculate the greatest common factor of 1454852 and 28.
28
What is the highest common factor of 508342 and 866?
866
Calculate the highest common factor of 254 and 503936.
254
What is the greatest common divisor of 4862 and 8041?
187
What is the greatest common factor of 5825 and 250?
25
Calculate the greatest common factor of 25 and 104625.
25
Calculate the highest common factor of 4802 and 153272.
98
Calculate the highest common divisor of 1275 and 131925.
75
What is the greatest common factor of 343 and 118433?
49
What is the greatest common factor of 1164 and 48306?
582
Calculate the greatest common divisor of 234234 and 154.
154
What is the highest common divisor of 134600 and 52?
4
What is the greatest common factor of 21941 and 259?
37
Calculate the highest common divisor of 6 and 169470.
6
Calculate the highest common divisor of 75240 and 66.
66
Calculate the greatest common divisor of 2175 and 3683.
29
Calculate the highest common factor of 208 and 9399.
13
Calculate the greatest common factor of 60302 and 528.
22
Calculate the greatest common divisor of 40553 and 3411.
379
Calculate the highest common divisor of 1536 and 129.
3
What is the greatest common divisor of 139104 and 281106?
2898
What is the greatest common divisor of 96057 and 234?
117
What is the greatest common divisor of 1739 and 3293?
37
What is the highest common divisor of 177585 and 15?
15
What is the highest common factor of 3720 and 195?
15
What is the greatest common divisor of 817 and 86393?
19
Calculate the greatest common factor of 13 and 112957.
13
Calculate the greatest common divisor of 840 and 168960.
120
What is the highest common factor of 12532 and 416?
52
What is the greatest common divisor of 649 and 248095?
59
Calculate the highest common factor of 23419552 and 152.
152
What is the highest common factor of 1263735 and 46?
23
What is the highest common divisor of 2829167 and 44?
11
Calculate the greatest common factor of 239 and 17.
1
Calculate the greatest common divisor of 230 and 4555.
5
Calculate the greatest common divisor of 1150 and 245.
5
What is the highest common